{"id":2256,"date":"2024-04-02T21:54:28","date_gmt":"2024-04-02T21:54:28","guid":{"rendered":"https:\/\/constructorapox.com\/portal\/?page_id=2256"},"modified":"2024-04-02T21:58:24","modified_gmt":"2024-04-02T21:58:24","slug":"portafolio-de-servicios","status":"publish","type":"page","link":"https:\/\/constructorapox.com\/portal\/portafolio-de-servicios\/","title":{"rendered":"Portafolio de Servicios"},"content":{"rendered":"\t\t<div data-elementor-type=\"wp-page\" data-elementor-id=\"2256\" class=\"elementor elementor-2256\" data-elementor-settings=\"{&quot;element_pack_global_tooltip_width&quot;:{&quot;unit&quot;:&quot;px&quot;,&quot;size&quot;:&quot;&quot;,&quot;sizes&quot;:[]},&quot;element_pack_global_tooltip_width_tablet&quot;:{&quot;unit&quot;:&quot;px&quot;,&quot;size&quot;:&quot;&quot;,&quot;sizes&quot;:[]},&quot;element_pack_global_tooltip_width_mobile&quot;:{&quot;unit&quot;:&quot;px&quot;,&quot;size&quot;:&quot;&quot;,&quot;sizes&quot;:[]},&quot;element_pack_global_tooltip_padding&quot;:{&quot;unit&quot;:&quot;px&quot;,&quot;top&quot;:&quot;&quot;,&quot;right&quot;:&quot;&quot;,&quot;bottom&quot;:&quot;&quot;,&quot;left&quot;:&quot;&quot;,&quot;isLinked&quot;:true},&quot;element_pack_global_tooltip_padding_tablet&quot;:{&quot;unit&quot;:&quot;px&quot;,&quot;top&quot;:&quot;&quot;,&quot;right&quot;:&quot;&quot;,&quot;bottom&quot;:&quot;&quot;,&quot;left&quot;:&quot;&quot;,&quot;isLinked&quot;:true},&quot;element_pack_global_tooltip_padding_mobile&quot;:{&quot;unit&quot;:&quot;px&quot;,&quot;top&quot;:&quot;&quot;,&quot;right&quot;:&quot;&quot;,&quot;bottom&quot;:&quot;&quot;,&quot;left&quot;:&quot;&quot;,&quot;isLinked&quot;:true},&quot;element_pack_global_tooltip_border_radius&quot;:{&quot;unit&quot;:&quot;px&quot;,&quot;top&quot;:&quot;&quot;,&quot;right&quot;:&quot;&quot;,&quot;bottom&quot;:&quot;&quot;,&quot;left&quot;:&quot;&quot;,&quot;isLinked&quot;:true},&quot;element_pack_global_tooltip_border_radius_tablet&quot;:{&quot;unit&quot;:&quot;px&quot;,&quot;top&quot;:&quot;&quot;,&quot;right&quot;:&quot;&quot;,&quot;bottom&quot;:&quot;&quot;,&quot;left&quot;:&quot;&quot;,&quot;isLinked&quot;:true},&quot;element_pack_global_tooltip_border_radius_mobile&quot;:{&quot;unit&quot;:&quot;px&quot;,&quot;top&quot;:&quot;&quot;,&quot;right&quot;:&quot;&quot;,&quot;bottom&quot;:&quot;&quot;,&quot;left&quot;:&quot;&quot;,&quot;isLinked&quot;:true}}\" data-elementor-post-type=\"page\">\n\t\t\t\t<div class=\"elementor-element elementor-element-5e293f80 e-flex e-con-boxed e-con e-parent\" data-id=\"5e293f80\" data-element_type=\"container\">\n\t\t\t\t\t<div class=\"e-con-inner\">\n\t\t\t\t<div class=\"elementor-element elementor-element-491e62c4 elementor-widget elementor-widget-heading\" data-id=\"491e62c4\" data-element_type=\"widget\" data-widget_type=\"heading.default\">\n\t\t\t\t<div class=\"elementor-widget-container\">\n\t\t\t\t\t<h2 class=\"elementor-heading-title elementor-size-default\">Portafolio de servicios<\/h2>\t\t\t\t<\/div>\n\t\t\t\t<\/div>\n\t\t\t\t<div class=\"elementor-element elementor-element-4b7b95eb elementor-widget elementor-widget-text-editor\" data-id=\"4b7b95eb\" data-element_type=\"widget\" data-widget_type=\"text-editor.default\">\n\t\t\t\t<div class=\"elementor-widget-container\">\n\t\t\t\t\t\t\t\t\t<p>Explora nuestro portafolio de servicios para ver nuestra destacada experiencia en dise\u00f1o arquitect\u00f3nico. Descubre proyectos innovadores que reflejan nuestro compromiso con la excelencia en dise\u00f1o y construcci\u00f3n.<\/p>\t\t\t\t\t\t\t\t<\/div>\n\t\t\t\t<\/div>\n\t\t\t\t<div class=\"elementor-element elementor-element-2c5b1e73 elementor-widget elementor-widget-bdt-post-list\" data-id=\"2c5b1e73\" data-element_type=\"widget\" data-widget_type=\"bdt-post-list.default\">\n\t\t\t\t<div class=\"elementor-widget-container\">\n\t\t\t\t\t\t\t<div class=\"bdt-post-list-wrap\" data-show-hide=\"{&quot;show_title&quot;:&quot;yes&quot;,&quot;show_category&quot;:&quot;yes&quot;,&quot;show_image&quot;:&quot;yes&quot;}\">\n\t\t\t\t\t\t<div class=\"bdt-post-list\" id=\"bdt-post-list-2c5b1e73\" data-settings=\"{&quot;taxonomy&quot;:&quot;category&quot;,&quot;post-type&quot;:&quot;post&quot;,&quot;order&quot;:&quot;desc&quot;,&quot;orderby&quot;:&quot;date&quot;,&quot;posts_per_page&quot;:50}\">\n\t\t\t\t\t\t\t\t\t\t\n\t\t\t\t\t<div class=\"bdt-item-wrap bdt-flex\">\n\t\t\t\t\t\t<div class=\"bdt-item bdt-flex bdt-flex-middle\">\n\t\t\t\t\t\t\t\n\t\t\t\t\t\t\t\t\t\t\t\t\t\t<div class=\"bdt-image bdt-flex\">\n\t\t\t\t\t\t\t\t<a href=\"https:\/\/constructorapox.com\/portal\/2024\/03\/26\/asesoria-y-servicios-tecnicos-en-el-nuevo-aeropuerto-internacional-de-la-ciudad-de-mexico-naicm\/\"\n\t\t\t\t\t\t\t\t\ttitle=\"Asesor\u00eda y servicios t\u00e9cnicos en el nuevo Aeropuerto Internacional de la Ciudad de M\u00e9xico (NAICM)\">\n\t\t\t\t\t\t\t\t\t<img decoding=\"async\" width=\"150\" height=\"150\" src=\"https:\/\/constructorapox.com\/portal\/wp-content\/uploads\/2024\/03\/Imagen-1-28-150x150.jpg\" class=\"attachment-thumbnail size-thumbnail\" alt=\"Asesor\u00eda y servicios t\u00e9cnicos en el nuevo Aeropuerto Internacional de la Ciudad de M\u00e9xico (NAICM)\" \/>\t\t\t\t\t\t\t\t<\/a>\n\t\t\t\t\t\t\t<\/div>\n\t\t\t\t\t\t\t\n\t\t\t\t\t\t\t<div class=\"bdt-content\">\n\t\t\t\t\t\t\t\t\t\t\t\t\t\t\t\t\t<h4\t\t\t\t\t\t\t\t\t\tclass=\"bdt-title\">\n\t\t\t\t\t\t\t\t\t\t<a href=\"https:\/\/constructorapox.com\/portal\/2024\/03\/26\/asesoria-y-servicios-tecnicos-en-el-nuevo-aeropuerto-internacional-de-la-ciudad-de-mexico-naicm\/\" class=\"bdt-link\"\n\t\t\t\t\t\t\t\t\t\t\ttitle=\"Asesor\u00eda y servicios t\u00e9cnicos en el nuevo Aeropuerto Internacional de la Ciudad de M\u00e9xico (NAICM)\">\n\t\t\t\t\t\t\t\t\t\t\tAsesor\u00eda y servicios t\u00e9cnicos en el nuevo Aeropuerto Internacional de la Ciudad de M\u00e9xico (NAICM)\t\t\t\t\t\t\t\t\t\t<\/a>\n\t\t\t\t\t\t\t\t\t<\/h4>\n\t\t\t\t\t\t\t\t\n\t\t\t\t\t\t\t\t\n\t\t\t\t\t\t\t\t\t<div class=\"bdt-meta bdt-subnav bdt-flex-middle\">\n\t\t\t\t\t\t\t\t\t\t\t\t\t\t\t\t\t\t\t\t\t\t\t\t\t\t\t\t\t\t\t\t\t<span>\n\t\t\t<a href=\"https:\/\/constructorapox.com\/portal\/category\/servicios\/\">Servicios<\/a>\t\t<\/span>\n\t\t\t\t\t\t\t\t\t\t\t\t\n\t\t\t\t\t\t\t\t\t<\/div>\n\n\t\t\t\t\t\t\t\t\t\t\t\t\t\t\t<\/div>\n\t\t\t\t\t\t<\/div>\n\t\t\t\t\t<\/div>\n\t\t\t\t\t\t\t\t\t\t\n\t\t\t\t\t<div class=\"bdt-item-wrap bdt-flex\">\n\t\t\t\t\t\t<div class=\"bdt-item bdt-flex bdt-flex-middle\">\n\t\t\t\t\t\t\t\n\t\t\t\t\t\t\t\t\t\t\t\t\t\t<div class=\"bdt-image bdt-flex\">\n\t\t\t\t\t\t\t\t<a href=\"https:\/\/constructorapox.com\/portal\/2024\/03\/26\/auditoria-tecnica-de-obra-para-el-hospital-general-250-camas-imss-de-leon-guanajuato\/\"\n\t\t\t\t\t\t\t\t\ttitle=\"Auditoria T\u00e9cnica de Obra para el Hospital General, 250 camas IMSS de Le\u00f3n, Guanajuato\">\n\t\t\t\t\t\t\t\t\t<img decoding=\"async\" width=\"150\" height=\"150\" src=\"https:\/\/constructorapox.com\/portal\/wp-content\/uploads\/2024\/03\/IMG_3657-150x150.jpg\" class=\"attachment-thumbnail size-thumbnail\" alt=\"Auditoria T\u00e9cnica de Obra para el Hospital General, 250 camas IMSS de Le\u00f3n, Guanajuato\" \/>\t\t\t\t\t\t\t\t<\/a>\n\t\t\t\t\t\t\t<\/div>\n\t\t\t\t\t\t\t\n\t\t\t\t\t\t\t<div class=\"bdt-content\">\n\t\t\t\t\t\t\t\t\t\t\t\t\t\t\t\t\t<h4\t\t\t\t\t\t\t\t\t\tclass=\"bdt-title\">\n\t\t\t\t\t\t\t\t\t\t<a href=\"https:\/\/constructorapox.com\/portal\/2024\/03\/26\/auditoria-tecnica-de-obra-para-el-hospital-general-250-camas-imss-de-leon-guanajuato\/\" class=\"bdt-link\"\n\t\t\t\t\t\t\t\t\t\t\ttitle=\"Auditoria T\u00e9cnica de Obra para el Hospital General, 250 camas IMSS de Le\u00f3n, Guanajuato\">\n\t\t\t\t\t\t\t\t\t\t\tAuditoria T\u00e9cnica de Obra para el Hospital General, 250 camas IMSS de Le\u00f3n, Guanajuato\t\t\t\t\t\t\t\t\t\t<\/a>\n\t\t\t\t\t\t\t\t\t<\/h4>\n\t\t\t\t\t\t\t\t\n\t\t\t\t\t\t\t\t\n\t\t\t\t\t\t\t\t\t<div class=\"bdt-meta bdt-subnav bdt-flex-middle\">\n\t\t\t\t\t\t\t\t\t\t\t\t\t\t\t\t\t\t\t\t\t\t\t\t\t\t\t\t\t\t\t\t\t<span>\n\t\t\t<a href=\"https:\/\/constructorapox.com\/portal\/category\/servicios\/\">Servicios<\/a>\t\t<\/span>\n\t\t\t\t\t\t\t\t\t\t\t\t\n\t\t\t\t\t\t\t\t\t<\/div>\n\n\t\t\t\t\t\t\t\t\t\t\t\t\t\t\t<\/div>\n\t\t\t\t\t\t<\/div>\n\t\t\t\t\t<\/div>\n\t\t\t\t\t\t\t\t\t\t\n\t\t\t\t\t<div class=\"bdt-item-wrap bdt-flex\">\n\t\t\t\t\t\t<div class=\"bdt-item bdt-flex bdt-flex-middle\">\n\t\t\t\t\t\t\t\n\t\t\t\t\t\t\t\t\t\t\t\t\t\t<div class=\"bdt-image bdt-flex\">\n\t\t\t\t\t\t\t\t<a href=\"https:\/\/constructorapox.com\/portal\/2024\/03\/26\/supervision-y-gerencia-de-obra-para-la-construccion-de-tienda-elektra-en-col-montoya-oaxaca-oax\/\"\n\t\t\t\t\t\t\t\t\ttitle=\"Supervisi\u00f3n y gerencia de obra para la Construcci\u00f3n de tienda Elektra en Col. Montoya Oaxaca, Oax\">\n\t\t\t\t\t\t\t\t\t<img decoding=\"async\" width=\"150\" height=\"150\" src=\"https:\/\/constructorapox.com\/portal\/wp-content\/uploads\/2024\/03\/Imagen-2-12-150x150.jpg\" class=\"attachment-thumbnail size-thumbnail\" alt=\"Supervisi\u00f3n y gerencia de obra para la Construcci\u00f3n de tienda Elektra en Col. Montoya Oaxaca, Oax\" \/>\t\t\t\t\t\t\t\t<\/a>\n\t\t\t\t\t\t\t<\/div>\n\t\t\t\t\t\t\t\n\t\t\t\t\t\t\t<div class=\"bdt-content\">\n\t\t\t\t\t\t\t\t\t\t\t\t\t\t\t\t\t<h4\t\t\t\t\t\t\t\t\t\tclass=\"bdt-title\">\n\t\t\t\t\t\t\t\t\t\t<a href=\"https:\/\/constructorapox.com\/portal\/2024\/03\/26\/supervision-y-gerencia-de-obra-para-la-construccion-de-tienda-elektra-en-col-montoya-oaxaca-oax\/\" class=\"bdt-link\"\n\t\t\t\t\t\t\t\t\t\t\ttitle=\"Supervisi\u00f3n y gerencia de obra para la Construcci\u00f3n de tienda Elektra en Col. Montoya Oaxaca, Oax\">\n\t\t\t\t\t\t\t\t\t\t\tSupervisi\u00f3n y gerencia de obra para la Construcci\u00f3n de tienda Elektra en Col. Montoya Oaxaca, Oax\t\t\t\t\t\t\t\t\t\t<\/a>\n\t\t\t\t\t\t\t\t\t<\/h4>\n\t\t\t\t\t\t\t\t\n\t\t\t\t\t\t\t\t\n\t\t\t\t\t\t\t\t\t<div class=\"bdt-meta bdt-subnav bdt-flex-middle\">\n\t\t\t\t\t\t\t\t\t\t\t\t\t\t\t\t\t\t\t\t\t\t\t\t\t\t\t\t\t\t\t\t\t<span>\n\t\t\t<a href=\"https:\/\/constructorapox.com\/portal\/category\/servicios\/\">Servicios<\/a>\t\t<\/span>\n\t\t\t\t\t\t\t\t\t\t\t\t\n\t\t\t\t\t\t\t\t\t<\/div>\n\n\t\t\t\t\t\t\t\t\t\t\t\t\t\t\t<\/div>\n\t\t\t\t\t\t<\/div>\n\t\t\t\t\t<\/div>\n\t\t\t\t\t\t\t\t\t\t\n\t\t\t\t\t<div class=\"bdt-item-wrap bdt-flex\">\n\t\t\t\t\t\t<div class=\"bdt-item bdt-flex bdt-flex-middle\">\n\t\t\t\t\t\t\t\n\t\t\t\t\t\t\t\t\t\t\t\t\t\t<div class=\"bdt-image bdt-flex\">\n\t\t\t\t\t\t\t\t<a href=\"https:\/\/constructorapox.com\/portal\/2024\/03\/26\/supervision-y-gerencia-de-obra-para-la-construccion-de-tienda-elektra-en-cholula-puebla\/\"\n\t\t\t\t\t\t\t\t\ttitle=\"Supervisi\u00f3n y Gerencia de Obra para la Construcci\u00f3n de tienda Elektra en Cholula, Puebla\">\n\t\t\t\t\t\t\t\t\t<img loading=\"lazy\" decoding=\"async\" width=\"150\" height=\"150\" src=\"https:\/\/constructorapox.com\/portal\/wp-content\/uploads\/2024\/03\/Imagen-16-150x150.jpeg\" class=\"attachment-thumbnail size-thumbnail\" alt=\"Supervisi\u00f3n y Gerencia de Obra para la Construcci\u00f3n de tienda Elektra en Cholula, Puebla\" \/>\t\t\t\t\t\t\t\t<\/a>\n\t\t\t\t\t\t\t<\/div>\n\t\t\t\t\t\t\t\n\t\t\t\t\t\t\t<div class=\"bdt-content\">\n\t\t\t\t\t\t\t\t\t\t\t\t\t\t\t\t\t<h4\t\t\t\t\t\t\t\t\t\tclass=\"bdt-title\">\n\t\t\t\t\t\t\t\t\t\t<a href=\"https:\/\/constructorapox.com\/portal\/2024\/03\/26\/supervision-y-gerencia-de-obra-para-la-construccion-de-tienda-elektra-en-cholula-puebla\/\" class=\"bdt-link\"\n\t\t\t\t\t\t\t\t\t\t\ttitle=\"Supervisi\u00f3n y Gerencia de Obra para la Construcci\u00f3n de tienda Elektra en Cholula, Puebla\">\n\t\t\t\t\t\t\t\t\t\t\tSupervisi\u00f3n y Gerencia de Obra para la Construcci\u00f3n de tienda Elektra en Cholula, Puebla\t\t\t\t\t\t\t\t\t\t<\/a>\n\t\t\t\t\t\t\t\t\t<\/h4>\n\t\t\t\t\t\t\t\t\n\t\t\t\t\t\t\t\t\n\t\t\t\t\t\t\t\t\t<div class=\"bdt-meta bdt-subnav bdt-flex-middle\">\n\t\t\t\t\t\t\t\t\t\t\t\t\t\t\t\t\t\t\t\t\t\t\t\t\t\t\t\t\t\t\t\t\t<span>\n\t\t\t<a href=\"https:\/\/constructorapox.com\/portal\/category\/servicios\/\">Servicios<\/a>\t\t<\/span>\n\t\t\t\t\t\t\t\t\t\t\t\t\n\t\t\t\t\t\t\t\t\t<\/div>\n\n\t\t\t\t\t\t\t\t\t\t\t\t\t\t\t<\/div>\n\t\t\t\t\t\t<\/div>\n\t\t\t\t\t<\/div>\n\t\t\t\t\t\t\t\t\t\t\t\t\n\t\t\t\t<!-- GRADIENT SPINNER -->\n\t\t\t\t<div id=\"bdt-loading-image\" style=\"display: none;\">\n\t\t\t\t\t<div class=\"bdt-spinner-box\">\n\t\t\t\t\t<div class=\"bdt-circle-border\">\n\t\t\t\t\t\t<div class=\"bdt-circle-core\"><\/div>\n\t\t\t\t\t<\/div>  \n\t\t\t\t\t<\/div>\n\t\t\t\t<\/div>\n\t\t\t\t<!-- GRADIENT SPINNER -->\n\t\t\t\t\n\t\t\t<\/div>\n\t\t<\/div>\n\n\t\t\t\t\t\t\t<\/div>\n\t\t\t\t<\/div>\n\t\t\t\t\t<\/div>\n\t\t\t\t<\/div>\n\t\t\t\t<\/div>\n\t\t","protected":false},"excerpt":{"rendered":"<p>Portafolio de servicios Explora nuestro portafolio de servicios para ver nuestra destacada experiencia en dise\u00f1o arquitect\u00f3nico. Descubre proyectos innovadores que reflejan nuestro compromiso con la excelencia en dise\u00f1o y construcci\u00f3n. ul > .bdt-post-list-item; delay: 350;&#8221;> Asesor\u00eda y servicios t\u00e9cnicos en el nuevo Aeropuerto Internacional de la Ciudad de M\u00e9xico (NAICM) Servicios Auditoria T\u00e9cnica de Obra [&hellip;]<\/p>\n","protected":false},"author":1,"featured_media":0,"parent":0,"menu_order":0,"comment_status":"closed","ping_status":"closed","template":"elementor_header_footer","meta":{"_bbp_topic_count":0,"_bbp_reply_count":0,"_bbp_total_topic_count":0,"_bbp_total_reply_count":0,"_bbp_voice_count":0,"_bbp_anonymous_reply_count":0,"_bbp_topic_count_hidden":0,"_bbp_reply_count_hidden":0,"_bbp_forum_subforum_count":0,"footnotes":""},"class_list":["post-2256","page","type-page","status-publish","hentry"],"_links":{"self":[{"href":"https:\/\/constructorapox.com\/portal\/wp-json\/wp\/v2\/pages\/2256","targetHints":{"allow":["GET"]}}],"collection":[{"href":"https:\/\/constructorapox.com\/portal\/wp-json\/wp\/v2\/pages"}],"about":[{"href":"https:\/\/constructorapox.com\/portal\/wp-json\/wp\/v2\/types\/page"}],"author":[{"embeddable":true,"href":"https:\/\/constructorapox.com\/portal\/wp-json\/wp\/v2\/users\/1"}],"replies":[{"embeddable":true,"href":"https:\/\/constructorapox.com\/portal\/wp-json\/wp\/v2\/comments?post=2256"}],"version-history":[{"count":13,"href":"https:\/\/constructorapox.com\/portal\/wp-json\/wp\/v2\/pages\/2256\/revisions"}],"predecessor-version":[{"id":2270,"href":"https:\/\/constructorapox.com\/portal\/wp-json\/wp\/v2\/pages\/2256\/revisions\/2270"}],"wp:attachment":[{"href":"https:\/\/constructorapox.com\/portal\/wp-json\/wp\/v2\/media?parent=2256"}],"curies":[{"name":"wp","href":"https:\/\/api.w.org\/{rel}","templated":true}]}}